20321
What are the prime factors of 342687847?
342687847
What are the prime factors of 130322442?
2, 3, 17, 53, 24107
List the prime factors of 886095505.
5, 17, 233, 44741
List the prime factors of 1645906896.
2, 3, 11429909
What are the prime factors of 1371020755?
5, 13, 37, 570071
What are the prime factors of 57856991?
57856991
List the prime factors of 645540715.
5, 129108143
What are the prime factors of 6774372121?
11, 1019, 604369
What are the prime factors of 56562546?
2, 3, 1597, 5903
What are the prime factors of 5084507290?
2, 5, 149, 3412421
List the prime factors of 2684635168.
2, 43, 1951043
What are the prime factors of 192360950?
2, 5, 17, 226307
List the prime factors of 66264702.
2, 3, 7, 23, 68597
List the prime factors of 7858255505.
5, 19, 71, 1165049
What are the prime factors of 798527264?
2, 17, 31, 47351
List the prime factors of 1160274261.
3, 23, 71, 163, 1453
What are the prime factors of 270844380?
2, 3, 5, 1504691
List the prime factors of 74926812.
2, 3, 43, 145207
List the prime factors of 15057684.
2, 3, 139423
List the prime factors of 161918781.
3, 23, 103, 22783
List the prime factors of 656536968.
2, 3, 3039523
List the prime factors of 174523672.
2, 37, 589607
What are the prime factors of 3780785414?
2, 7, 17, 19, 113, 151
List the prime factors of 2307668850.
2, 3, 5, 5128153
List the prime factors of 210010271.
11503, 18257
List the prime factors of 764013345.
3, 5, 79, 433, 1489
List the prime factors of 66053933.
11, 6004903
List the prime factors of 1902224301.
3, 634074767
What are the prime factors of 181630493?
11, 16511863
List the prime factors of 65792765.
5, 23, 173, 3307
List the prime factors of 53327955.
3, 5, 29, 43, 2851
List the prime factors of 199915562.
2, 7, 11, 101, 12853
List the prime factors of 55428645.
3, 5, 83, 211
What are the prime factors of 271460005?
5, 269, 201829
List the prime factors of 64747905.
3, 5, 47, 91841
What are the prime factors of 5601842?
2, 2800921
List the prime factors of 111459208.
2, 7, 17, 71, 97
What are the prime factors of 4165025480?
2, 5, 7, 11, 193183
What are the prime factors of 4353084690?
2, 3, 5, 145102823
What are the prime factors of 607365172?
2, 19, 420613
List the prime factors of 49132282.
2, 709, 34649
What are the prime factors of 361327791?
3, 11, 29, 377563
List the prime factors of 137202093.
3, 7, 241979
List the prime factors of 1021436808.
2, 3, 7, 19, 23, 13913
What are the prime factors of 107818269?
3, 13, 139, 19889
What are the prime factors of 13419429?
3, 4473143
List the prime factors of 71178386.
2, 241, 147673
What are the prime factors of 387500123?
109, 227, 15661
What are the prime factors of 2112628383?
3, 383, 612889
List the prime factors of 928441432.
2, 571, 203249
What are the prime factors of 87563744?
2, 2736367
List the prime factors of 1908913842.
2, 3, 11, 23, 37, 11329
What are the prime factors of 300921000?
2, 3, 5, 37, 2711
List the prime factors of 49725300.
2, 3, 5, 83, 1997
List the prime factors of 78351858.
2, 3, 13, 19, 17623
List the prime factors of 338882011.
13, 43, 46633
What are the prime factors of 66558727?
66558727
List the prime factors of 1354015649.
7, 103, 349, 5381
What are the prime factors of 169357192?
2, 21169649
What are the prime factors of 695298947?
7, 23, 107, 40361
What are the prime factors of 1303060640?
2, 5, 7, 127, 9161
What are the prime factors of 1449613995?
3, 5, 751, 128683
List the prime factors of 120367313.
11, 29, 377327
List the prime factors of 6633147455.
5, 11, 1559, 77359
List the prime factors of 100491985.
5, 11, 1827127
List the prime factors of 151722974.
2, 13, 67, 251, 347
What are the prime factors of 82051518?
2, 3, 13675253
List the prime factors of 84420617.
4507, 18731
What are the prime factors of 1297189111?
29, 5477, 8167
What are the prime factors of 21438622?
2, 23, 313, 1489
List the prime factors of 1845195095.
5, 157, 2350567
What are the prime factors of 4927123?
1453, 3391
List the prime factors of 58267107.
3, 43, 16729
List the prime factors of 3054427623.
3, 13, 23, 173
What are the prime factors of 138651050?
2, 5, 2773021
List the prime factors of 26790570.
2, 3, 5, 19, 15667
What are the prime factors of 3164826663?
3, 79, 97, 109, 421
What are the prime factors of 51666342?
2, 3, 7, 13, 29, 251
What are the prime factors of 321736052?
2, 11, 23, 317921
What are the prime factors of 182198409?
3, 60732803
What are the prime factors of 2250518060?
2, 5, 7, 2296447
What are the prime factors of 667601643?
3, 2099, 106019
What are the prime factors of 1041454637?
173, 2371, 2539
What are the prime factors of 467673198?
2, 3, 29, 2687777
List the prime factors of 183652980.
2, 3, 5, 7, 62467
What are the prime factors of 913043817?
3, 7, 14492759
What are the prime factors of 303414639?
3, 11, 31, 59, 457
List the prime factors of 2198814548.
2, 7, 78529091
List the prime factors of 785593877.
26083, 30119
List the prime factors of 5779741767.
3, 709, 2717321
List the prime factors of 759964985.
5, 13, 11691769
What are the prime factors of 197849603?
7, 19, 4337
List the prime factors of 13230245.
5, 7, 54001
What are the prime factors of 2051321845?
5, 410264369
What are the prime factors of 645983191?
7, 2753, 33521
List the prime factors of 71780852.
2, 11, 13, 67, 1873
What are the prime factors of 2661832347?
3, 67, 139, 95273
List the prime factors of 57881730.
2, 3, 5, 827, 2333
List the prime factors of 27396841.
19, 23, 71, 883
What are the prime factors of 75867719?
17, 1009, 4423
What are the prime factors of 191046986?
2, 13, 17, 31, 73, 191
List the prime factors of 1017201737.
89, 397, 28789
What are the prime factors of 54677615?
5, 29, 13003
List the prime factors of 357116547.
3, 83, 1434203
List the prime factors of 408762058.
2, 204381029
What are the prime factors of 260149288?
2, 7, 4645523
List the prime factors of 838282931.
101, 127, 65353
What are the prime factors of 1968775305?
3, 5, 7, 61, 307381
List the prime factors of 1649360575.
5, 1051, 62773
List the prime factors of 1498331916.
2, 3, 41620331
What are the prime factors of 249630542?
2, 7, 569, 31337
What are the prime factors of 4282424511?
3, 37, 103, 463, 809
What are the prime factors of 1282130372?
2, 197, 1627069
List the prime factors of 13056062.
2, 6528031
List the prime factors of 1054921568.
2, 31, 101, 10529
List the prime factors of 65472429.
3, 11, 1984013
What are the prime factors of 42271334?
2, 7, 3019381
What are the prime factors of 238202137?
101, 881, 2677
List the prime factors of 65338957.
71, 920267
List the prime factors of 270200330.
2, 5, 19, 1422107
List the prime factors of 4668272.
2, 7, 41681
List the prime factors of 4358825663.
19, 37, 6200321
What are the prime factors of 428151324?
2, 3, 17, 2098781
What are the prime factors of 6021503893?
53, 6653, 17077
What are the prime factors of 325505476?
2, 23, 3538103
What are the prime factors of 83288915?
5, 571, 29173
What are the prime factors of 28590835?
5, 7, 13, 31, 2027
What are the prime factors of 1468708720?
2, 5, 2309, 7951
List the prime factors of 598672689.
3, 2011, 99233
List the prime factors of 681843794.
2, 137, 2488481
What are the prime factors of 178379664?
2, 3, 37, 47, 2137
What are the prime factors of 62323959?
3, 20774653
List the prime factors of 5688327995.
5, 7, 162523657
List the prime factors of 14326734.
2, 3, 59, 40471
What are the prime factors of 1733067591?
3, 18253, 31649
List the prime factors of 1180105047.
3, 11, 37, 322169
List the prime factors of 79803050.
2, 5, 1596061
List the prime factors of 51067347.
3, 29, 586981
What are the prime factors of 5915802826?
2, 97, 30493829
List the prime factors of 1790391082.
2, 1171, 764471
What are the prime factors of 747732665?
5, 29, 59, 87403
What are the prime factors of 1473790701?
3, 29, 16940123
What are the prime factors of 70793866?
2, 11, 13, 247531
What are the prime factors of 37013302?
2, 23, 547, 1471
List the prime factors of 305570997.
3, 33952333
List the prime factors of 307276178.
2, 11, 13967099
List the prime factors of 2623416315.
3, 5, 13, 1543, 8719
List the prime factors of 2705009875.
5, 23, 37, 59, 431
List the prime factors of 865423077.
3, 19, 